remainder when h is divided by 25?
23
Suppose -2*s + 44 = 3*f, 5*s - 7 - 124 = 3*f. Let o(c) = -c**3 - 10*c**2 - 9*c + 9. Let y be o(-8). What is the remainder when 1/(1*(-1)/y) is divided by s?
22
Suppose 10 = 3*c + 1, -2*b - 4*c - 68 = 0. Let q = b - -51. Calculate the remainder when 30 is divided by q.
8
Let g = -34 - -36. Calculate the remainder when (-22)/(-3)*30/4 is divided by ((-15)/(-3))/(-3*g/(-18)).
10
Let s(i) be the third derivative of -1/12*i**4 + 0*i + 0 + 0*i**3 + i**2 + 3/20*i**5. What is the remainder when s(-2) is divided by 14?
12
Let v(g) = -20 + 2*g + 11*g**2 - 7*g**3 + 8*g**3 - 4*g**2. What is the remainder when 18 is divided by v(-6)?
2
Let g be 1/(-1)*(-8 + 4). Suppose -g*i = 62 - 730. Calculate the remainder when i is divided by 43.
38
Suppose -5*y - 4*w = -280, -y - 31*w = -26*w - 56. What is the remainder when 333 is divided by y?
53
Suppose -6*u - 2*o - 12 = -2*u, -5*u - 4*o = 15. What is the remainder when u + 114 - ((-2)/(-1) + 0) is divided by 22?
21
Let o(y) = 2*y + 28. Let r(j) = 8*j - 18. What is the remainder when r(9) is divided by o(0)?
26
Let k(z) = 26 + 26 + 2*z - 6*z - 68. What is the remainder when k(-9) is divided by 12?
8
Let r = -258 - -276. What is the remainder when 136 is divided by r?
10
Suppose -285 = -a - 4*a. Calculate the remainder when a is divided by 23 + -4 + -1 + 18/(-6).
12
Suppose -2*f = 6, 4*h + 0*f - 94 = -2*f. Suppose 0*s + 4*s = 0. Suppose 4*u + 22 - 58 = s. What is the remainder when h is divided by u?
7
Calculate the remainder when 193 is divided by (-3 - -26 - 24) + 5/1.
1
Let k = -137 - -178. Let w(q) = 7*q + 1. What is the remainder when k is divided by w(2)?
11
Calculate the remainder when 173 is divided by 0 + 38 + 1 - 4.
33
Let x = -220 + 129. Let z = x + 135. What is the remainder when 174 is divided by z?
42
Let t = 118 - 56. Calculate the remainder when t is divided by 22.
18
Suppose -142 = 6*v - 172. Calculate the remainder when -3 - (1/3 + 31/(-3)) is divided by v.
2
Let f = 1680 - 1512. What is the remainder when 180 is divided by f?
12
Suppose -5*t + 62 = 17. Suppose -11*k = -t*k - 6. Suppose -110 = -k*v + 16. Calculate the remainder when v is divided by 11.
9
Suppose -v - 39 = -n, n + v - 64 = -3*v. Suppose 0 = 2*f - 5*q, 0*f + 3*q = 3*f. Suppose 9*m - 12*m + 45 = f. What is the remainder when n is divided by m?
14
Let j = -1708 + 1734. Suppose 3*r = 11 - 2. Calculate the remainder when j is divided by (14/(-3))/((-1)/r).
12
Let k(f) = 2*f**3 + 88*f**2 + 68*f + 104. What is the remainder when k(-43) is divided by 11?
9
Suppose -5*i + 4*g = -217, 3*i + 2*g = -2*g + 111. Suppose -24 = -6*j + 6. Suppose -6*w = -j*w - 11. What is the remainder when i is divided by w?
8
Suppose 43*a - 37*a - 108 = 0. What is the remainder when 22 is divided by a?
4
Let y = -457 - -476. What is the remainder when 79 is divided by y?
3
Suppose -v = -2 - 19. What is the remainder when (2 - (-20)/(-15))*186 is divided by v?
19
Let s = 26 - 36. Let t = s - -11. What is the remainder when 4 is divided by t?
0
Suppose a + 5*h = -3*a + 399, 468 = 5*a - 4*h. Suppose -k + 51 + 5 = 3*y, -2*y = -2*k + a. What is the remainder when k is divided by 2/(-7) - 93/(-7)?
11
Let f(r) = 2*r**3 - r**2 + 3. Let o = -2 - -5. Suppose -33*l = -35*l + 34. What is the remainder when f(o) is divided by l?
14
Suppose 4*d + 5*f - 140 = 0, 3*d = d + 5*f + 100. What is the remainder when d is divided by 21?
19
Suppose -5*j - 743 = -4*u, 5*j + 933 = 5*u + 3*j. Calculate the remainder when u is divided by 22.
11
Suppose 5*z + 4*q - 134 = -0*q, -5*z + 129 = -q. Let r = -719 - -726. What is the remainder when z is divided by r?
5
Let s(k) = -k**3 - 7*k**2 + 4*k - 8. Suppose 3*c - 32 = 7*c. Calculate the remainder when 4/(-5)*460/(-8) is divided by s(c).
22
Suppose -70 + 14 = -2*x. Let b = x + -23. Calculate the remainder when 12 is divided by b.
2
Let p be (-2942)/26 + (-6)/(-39). Let w = 124 + p. What is the remainder when 75 is divided by w?
9
Let f(k) = -k + 10. Suppose t - 15 = -2*t. What is the remainder when f(t) is divided by 7 + -1 + 2/(-1)?
1
Let t = -16 + 22. Let d(v) = 2*v**2 + 1. Let k be ((-1)/(-3))/(2/6). What is the remainder when t is divided by d(k)?
0
Suppose -5*w + 4*m = -w - 56, -4*w + 2*m + 60 = 0. Calculate the remainder when 93 is divided by w.
13
Let x(g) = g**3 - 52*g**2 + 54*g - 134. Calculate the remainder when 188 is divided by x(51).
17
Let h(c) = c**2 + c - 296. What is the remainder when 20 is divided by h(-18)?
0
Suppose -5*g + 307 = -u + 58, -2*g = -3*u - 110. Suppose -368 = 5*s - o, -4*s + o = -2*s + 146. Let i = -61 - s. What is the remainder when g is divided by i?
10
Let c(z) = -z**3 - 2*z**2 - 3. Suppose -13*h + 55 = 29. Calculate the remainder when c(-3) is divided by h.
0
Suppose 3*h = 3*c + 27, 0 = 3*c - 2*c - 3. Let z(w) = 2*w**2 + 5*w - 8. Suppose 0 = -0*k - 2*k - 12. Calculate the remainder when z(k) is divided by h.
10
What is the remainder when ((-584)/1)/(-5*(-4)/(-20)) is divided by 42?
38
Suppose -15*d - 1566 = -9*d. What is the remainder when 3/2 - d/6 is divided by 8?
5
Let j(i) = 25*i + 1. Let b(n) = 51*n. Let z(r) = 2*b(r) - 5*j(r). Calculate the remainder when z(-3) is divided by 13.
12
Let q = -2 - -2. Suppose a = -1, q*i + 4*a = -5*i + 16. Let j = -1281 + 1287. Calculate the remainder when j is divided by i.
2
Let k(q) = q**3 - 39. Let z be k(0). Let d be (-1)/(-1 + 2)*-29. Let o = d - z. Calculate the remainder when o is divided by 23.
22
Let k be ((-48)/(-60))/(((-1)/(-20))/(-1)). What is the remainder when 37 is divided by (30/(-8))/((-3)/k*-2)?
7
Calculate the remainder when 56 + (-18 - -2)/(-8) is divided by 18.
4
Let l = -20 + 15. Let t = 15 + 1. What is the remainder when t is divided by 3/(2/(1 - l))?
7
Suppose -2*i + 81 = h, h - 34 = -4*i + 37. Let z(x) = 13*x - 1. Let t be z(6). Let v = -54 + t. What is the remainder when h is divided by v?
22
Let h be (2 - (-25)/(-10))*-228. Let v = h + -108. Let y = -5 - -21. What is the remainder when y is divided by v?
4
Let s = 76 - 71. Calculate the remainder when (-42)/(-5) + 12/20 is divided by s.
4
Let x = 29 - -56. Calculate the remainder when x is divided by 30.
25
Let q = -662 + 724. Calculate the remainder when 195 is divided by q.
9
Let i = -36 + 39. Suppose 5*l + p = -i*p + 83, -5*p + 25 = l. Calculate the remainder when 44 is divided by l.
14
Let b = 1075 - 1059. Suppose 3*m - 5 = 10. Calculate the remainder when b is divided by m.
1
Let r(p) = -14*p - 2. Suppose 3*n + 166 = j + 39, 3*j - 4*n = 381. What is the remainder when j is divided by r(-2)?
23
Suppose 3*a = 6*a - 9. Suppose 4*p = t - 51, a*t = -6 - 9. Let y = -4 - p. Calculate the remainder when 27 is divided by y.
7
Calculate the remainder when 3/(36/1869) + 23/92 is divided by 45.
21
Let h = -608 - -643. Calculate the remainder when 384 is divided by h.
34
Suppose 4*a + 48 = h, -5*h + 3*a - 72 = -244. Suppose 0 = 4*z - 8, -4*d - 3*z - 64 = d. Let t = h + d. What is the remainder when 49 is divided by t?
13
Suppose 5*l - 58 = 52. Suppose -4787 = -6*z - 143. Suppose -7*q = 2*q - z. What is the remainder when q is divided by l?
20
Let o = -27 + 28. What is the remainder when 55 is divided by 8/o*(-42)/(-12)?
27
Let d = -32 + 132. Suppose 4*k = 12 + d. Calculate the remainder when 167 is divided by k.
27
Let c(d) be the third derivative of d**6/120 - d**5/15 - d**4/6 - d**3/2 - 10*d**2. What is the remainder when 3 is divided by c(5)?
1
Let i = 429 - 218. Suppose 36 = -7*x + i. Calculate the remainder when x is divided by 14.
11
What is the remainder when 145 is divided by (1/9*3)/((-1)/(-42))?
5
Let v = -35 + 54. Let z(h) = h**3 - 19*h**2 + 7*h + 16. What is the remainder when z(v) is divided by 30?
29
Suppose 3*v - 2*c = 226, -2*c + 77 = v - 3*c. What is the remainder when 140 is divided by v?
68
Let r(a) = a**3 - 12*a**2 - 16*a + 51. What is the remainder when 22 is divided by r(13)?
10
Suppose -5*v = -13*v + 680. Let i = -53 + v. Calculate the remainder when i is divided by 5.
2
Suppose c = 6*c. Suppose c*r + r = 17. Let g = 1368 + -1362. What is the remainder when r is divided by g?
5
Let q = -2547 + 2580. Let v(l) = l**3 + 9*l**2 - 6*l - 9. What is the remainder when v(-7) is divided by q?
32
Suppose 3*y = -s - 3, 5*s + 3*y + 2*y - 5 = 0. Supp